{"id":8104,"date":"2020-05-31T08:18:58","date_gmt":"2020-05-31T07:18:58","guid":{"rendered":"http:\/\/www.heusenstaemmchen.de\/blog\/?page_id=8104"},"modified":"2025-03-16T11:48:12","modified_gmt":"2025-03-16T10:48:12","slug":"iss-sichtbarkeit-deutschland","status":"publish","type":"page","link":"https:\/\/www.heusenstaemmchen.de\/news\/iss-sichtbarkeit-deutschland","title":{"rendered":"ISS-Sichtbarkeit \u00fcber Deutschland"},"content":{"rendered":"<p>Das Heusenst\u00e4mmchen bietet dir hier viele <b>Informationen zur Inter&shy;natio&shy;na&shy;len Raumstation (ISS)<\/b>, wie z.B. Hinweise zur <a href=\"#iss-beobachten\">Beobachtung der ISS<\/a> am Nachthimmel, eine Liste der <a href=\"#iss-raumfaehren\">Raumf\u00e4hren zur ISS<\/a>, aktuelle <a href=\"#iss-ueberflugzeiten\">\u00dcberflugzeiten der ISS<\/a> \u00fcber Deutschland und Links f\u00fcr einen <a href=\"#blick-von-iss-zur-erde\">Blick aus der ISS<\/a> auf die Erde.<\/p>\n<p>&nbsp;<\/p>\n<h2>H\u00f6he und Geschwindigkeit der ISS<\/h2>\n<p>Die ISS umkreist die Erde in einer <b>H\u00f6he von ungef\u00e4hr 400 km<\/b> mit einer <b>Geschwindigkeit von 7,71 km pro Sekunde<\/b>. Die Astronauten in der ISS fliegen also in ca. 1,5 Stunden einmal um die Erde und k\u00f6nnten sich so mehrmals am Tag einen <a href=\"https:\/\/www.heusenstaemmchen.de\/news\/sonnenaufgang-in-cuxhaven\/1796\" title=\"Sonnenaufgang in Cuxhaven\">Sonnenaufgang<\/a> und einen Sonnenuntergang anschauen, falls sie nicht gerade mit einem der vielen wissenschaftlichen Experimente besch\u00e4ftigt sind.<\/p>\n<p><a name=\"iss-beobachten\"><\/a>&nbsp;<\/p>\n<h2>Beobachtung eines ISS-\u00dcberflugs<\/h2>\n<p>Die Geschwindigkeit und die Erdumlaufbahn der ISS entsprechen nicht der Erdrotation. Dadurch hat die ISS f\u00fcr uns bzw. aus Sicht der Erdoberfl\u00e4che <b>keine feste Position<\/b> am Himmel. Um einen \u00dcberflug der ISS von Deutschland aus mit blo\u00dfem Auge sehen zu k\u00f6nnen, ben\u00f6tigt man einen sternenklaren, also unbew\u00f6lkten und m\u00f6glichst dunklen Nachthimmel. (Die Lichtverschmutzung gro\u00dfer St\u00e4dte, wie z.B. Frankfurt oder Berlin, beeintr\u00e4chtigt leider die Sichtbarkeit der ISS ein wenig.)<\/p>\n<p>Zudem muss man nat\u00fcrlich wissen, zu welcher Uhrzeit man in welchen Teil des Nachthimmels schauen sollte. Da die ISS auf einer genau berechneten Umlaufbahn um <img loading=\"lazy\" decoding=\"async\" src=\"https:\/\/www.heusenstaemmchen.de\/news\/wp-content\/uploads\/2025\/03\/international-space-station.png\" alt=\"\" title=\"International Space Station\" width=\"240\" height=\"140\" class=\"alignleft size-full wp-image-8854\" style=\"margin-top:8px; margin-right:5px; margin-bottom:8px;\" \/> die Erde fliegt, lassen sich die aktuellen <a href=\"https:\/\/www.heusenstaemmchen.de\/news\/iss-sichtbarkeit-deutschland#iss-ueberflugzeiten\">\u00dcber&shy;flug&shy;zeiten und Flugbahnen der ISS<\/a> gl\u00fccklicherweise ermitteln, so dass man nicht wie nach Stern&shy;schnuppen suchen muss.<\/p>\n<p>Sichtbar wird die ISS in Deutschland aber f\u00fcr das menschliche Auge auch nur dann, wenn sie das Sonnenlicht entsprechend reflektiert. Aus diesem Grund l\u00e4sst sich die ISS von Deutschland aus selbst bei guten Wetterbedingungen durchaus mal eine ganz Weile \u00fcberhaupt nicht beobachten. Interessierte sollten sich also bestehende Gelegenheiten nicht entgehen lassen.<\/p>\n<p><a name=\"iss-raumfaehren\"><\/a>&nbsp;<\/p>\n<h2>Raumf\u00e4hren zur ISS<\/h2>\n<p>F\u00fcr die Versorgung der ISS werden verschiedene Arten von <b>Raumf\u00e4hren<\/b> eingesetzt. W\u00e4hrend sich mit einigen dieser Raumf\u00e4hren nur <b>Fracht<\/b> transportieren l\u00e4sst, k\u00f6nnen mit anderen Raumf\u00e4hren auch zus\u00e4tzlich <b>Personen<\/b> bef\u00f6rdert werden. Dies erfolgt also \u00e4hnlich wie bei einem Shuttle-Dienst zum Frankfurter Flughafen. Anstelle von Urlaubern und Koffern werden mit den Raumf\u00e4hren allerdings gut ausgebildete Astronauten und f\u00fcr den Raumflug oder wissenschaftliche Experimente ben\u00f6tigte Materialien zur ISS gebracht und von dort wieder abgeholt.<\/p>\n<p>Auf der Hinreise zur ISS werden die Raumf\u00e4hren mit Hilfe von Raketen in den Orbit bef\u00f6rdert. Dort angekommen trotzen sie mit ihrer Geschwindigkeit auf einer Erdumlaufbahn der Erdanziehungskraft und k\u00f6nnen so in Ruhe die ISS ansteuern. Wenn die Raumf\u00e4hren an der ISS angekommen sind, werden sie entladen und nach einer Weile wieder beladen auf die Heimreise zur Erde geschickt, sofern sie nicht nur M\u00fcll abtransportieren sollen und dazu bestimmt sind, auf dem R\u00fcckweg in der Erdatmosph\u00e4re zu vergl\u00fchen.<\/p>\n<p>Die folgende Tabelle wurde am 14. Apr. 2026 um 06:18 Uhr automatisch aktualisiert. Sie zeigt dir, wann die ISS und die verschiedenen ISS-Raumf\u00e4hren zuletzt \u00fcber Deutschland beobachtet werden konnten. Zudem enth\u00e4lt sie f\u00fcr die verschiedenen Objekte auch Links zu Wikipedia, mit denen du dir leicht weitere Informationen zur ISS oder der jeweiligen Raumf\u00e4hrenart holen kannst.<\/p>\n<table>\n<tr><th>Objekt<\/th><th>Beschreibung<\/th><th>Tag<\/th><\/tr>\n<tr><td>71S<\/td><td>F\u00fcr dieses Objekt ist noch keine Beschreibung vorhanden.<\/td><td>24.03.2024<\/td><\/tr>\n<tr><td>8<\/td><td>F\u00fcr dieses Objekt ist noch keine Beschreibung vorhanden.<\/td><td>25.10.2024<\/td><\/tr>\n<tr><td>86P<\/td><td>F\u00fcr dieses Objekt ist noch keine Beschreibung vorhanden.<\/td><td>02.12.2023<\/td><\/tr>\n<tr><td>Ax-3<\/td><td>F\u00fcr dieses Objekt ist noch keine Beschreibung vorhanden.<\/td><td>19.01.2024<\/td><\/tr>\n<tr><td>Axiom-2<\/td><td>F\u00fcr dieses Objekt ist noch keine Beschreibung vorhanden.<\/td><td>21.05.2023<\/td><\/tr>\n<tr><td>Crew-10<\/td><td>F\u00fcr dieses Objekt ist noch keine Beschreibung vorhanden.<\/td><td>15.03.2025<\/td><\/tr>\n<tr><td>Crew-6<\/td><td>F\u00fcr dieses Objekt ist noch keine Beschreibung vorhanden.<\/td><td>28.02.2023<\/td><\/tr>\n<tr><td>Crew-8<\/td><td>F\u00fcr dieses Objekt ist noch keine Beschreibung vorhanden.<\/td><td>05.03.2024<\/td><\/tr>\n<tr><td>Crew-9<\/td><td>F\u00fcr dieses Objekt ist noch keine Beschreibung vorhanden.<\/td><td>18.03.2025<\/td><\/tr>\n<tr><td><a href=\"https:\/\/en.wikipedia.org\/wiki\/SpaceX_CRS-25\">CRS-25<\/a><\/td><td>SpaceX CRS-25, auch bekannt als SpX-25, war eine Commercial Resupply Service Mission (CRS) zur Internationalen Raumstation (ISS), die am 15. Juli 2022 gestartet wurde.<\/td><td>16.07.2022<\/td><\/tr>\n<tr><td>CRS-30<\/td><td>F\u00fcr dieses Objekt ist noch keine Beschreibung vorhanden.<\/td><td>30.04.2024<\/td><\/tr>\n<tr><td><a href=\"https:\/\/de.wikipedia.org\/wiki\/Cygnus_(Raumtransporter)\">Cygnus<\/a><\/td><td>Cygnus ist ein unbemannter und nicht wieder&shy;ver&shy;wend&shy;bare Raum&shy;frach&shy;ter von der Northrop Grumman Cor&shy;pora&shy;tion.<\/td><td>10.12.2021<\/td><\/tr>\n<tr><td><a href=\"https:\/\/de.wikipedia.org\/wiki\/Dragon_(Raumschiff)\">Dragon<\/a><\/td><td>Dragon sind von dem privaten Raumfahrt- und Telekommuni&shy;kations&shy;unternehmen SpaceX entwickelte Raum&shy;kapseln, von denen auch einige Personen bef\u00f6rdern k\u00f6nnen.<\/td><td>30.09.2021<\/td><\/tr>\n<tr><td><a href=\"https:\/\/de.wikipedia.org\/wiki\/H-2_Transfer_Vehicle\">HTV<\/a><\/td><td>HTV ist ein unbemanntes Ver&shy;sor&shy;gungs&shy;schiff (<i>H-2 Transfer Vehicle<\/i>) der japa&shy;nischen Raumfahrt&shy;agentur JAXA.<\/td><td>25.05.2020<\/td><\/tr>\n<tr><td><a href=\"https:\/\/de.wikipedia.org\/wiki\/Internationale_Raumstation\">ISS<\/a><\/td><td>Internationale Raum&shy;station<\/td><td>31.12.2025<\/td><\/tr>\n<tr><td><a href=\"https:\/\/en.wikipedia.org\/wiki\/Nauka_(ISS_module)\">Nauka<\/a><\/td><td>Nauka ist ein im Auftrag von Roskosmos von RKK Energija und GKNPZ Chrunitschew gebautes russisches Forschungsmodul.<\/td><td>28.07.2021<\/td><\/tr>\n<tr><td><a href=\"https:\/\/en.wikipedia.org\/wiki\/Cygnus_NG-17\">NG-17<\/a><\/td><td>Cygnus NG-17, fr\u00fcher bekannt als Cygnus OA-17, war der siebzehnte Flug des robotergest\u00fctzten Versorgungsraumschiffs Cygnus von Northrop Grumman.<\/td><td>29.06.2022<\/td><\/tr>\n<tr><td><a href=\"https:\/\/en.wikipedia.org\/wiki\/Cygnus_NG-18\">NG-18<\/a><\/td><td>Cygnus NG-18 war der achtzehnte Flug des robotergest\u00fctzten Versorgungsraumschiffs Cygnus von Northrop Grumman.<\/td><td>07.11.2022<\/td><\/tr>\n<tr><td>NG-19<\/td><td>F\u00fcr dieses Objekt ist noch keine Beschreibung vorhanden.<\/td><td>31.12.2024<\/td><\/tr>\n<\/table>\n\n<p>&nbsp;<\/p>\n<h2>Beobachtung von ISS-Raumf\u00e4hren<\/h2>\n<p>Auch die \u00dcberfl\u00fcge von ISS-Raumf\u00e4hren lassen sich mit blo\u00dfen Auge beobachten. Die Raumf\u00e4hren, die f\u00fcr die Versorgung der ISS eingesetzt werden, sind zwar im Vergleich zur Internationalen Raumstation deutlich kleiner, aber auch hier muss man lediglich gute Sichtbedingungen haben und wissen, wann man wohin schauen sollte, um das reflektierte Sonnenlicht wie bei einem Spiegel mit dem eigenen Auge einfangen zu k\u00f6nnen. &mdash; Der Spiegel ist hier eben nur etwas kleiner.<\/p>\n<p>Um eine ISS-Raumf\u00e4hre einmal selbst live beobachten zu k\u00f6nnen, sollte man sich dar\u00fcber informieren, wann Versorgungsfl\u00fcge zur ISS stattfinden. Da solche Ereignisse \u00fcblicherweise gro\u00df \u00fcber die Medien angek\u00fcndigt werden, m\u00fcsste es reichen, regelm\u00e4\u00dfig Nachrichten zu schauen, um so etwas mitzubekommen.<\/p>\n<p>Dann sollte man pr\u00fcfen, ob sich von Deutschland aus ein \u00dcberflug der ISS-Raumf\u00e4hre beobachten l\u00e4sst. Die unten folgenden Tabellen mit den \u00dcberflugzeiten der ISS enthalten dann ggf. auch Eintr\u00e4ge f\u00fcr die jeweilige Raumf\u00e4hre.<\/p>\n<p>Zu guter Letzt braucht man nur noch ein wenig Gl\u00fcck, damit auch das Wetter passt und man anschlie\u00dfend von sich behaupten kann, man habe mal mit eigenen Augen ein echtes Frachtraumschiff gesehen. \ud83d\ude42<\/p>\n<p><a name=\"iss-ueberflugzeiten\"><\/a>&nbsp;<\/p>\n<h2>\u00dcberflugzeiten und Flugbahnen der ISS \u00fcber Deutschland<\/h2>\n<p>Die folgenden Tabellen wurden zuletzt am 14. April 2026 um 06:19 Uhr automatisch aktualisiert. Sie enthalten von der NASA zur Verf\u00fcgung gestellte Flugdaten f\u00fcr die Beobachtung der ISS und manchmal auch ihrer Raumf\u00e4hren \u00fcber <a href=\"\/news\/iss-sichtbarkeit-deutschland#\u00fcberflug-iss-berlin\" title=\"ISS \u00fcber Berlin\">Berlin<\/a>, <a href=\"\/news\/iss-sichtbarkeit-deutschland#\u00fcberflug-iss-bremen\" title=\"ISS \u00fcber Bremen\">Bremen<\/a>, <a href=\"\/news\/iss-sichtbarkeit-deutschland#\u00fcberflug-iss-dresden\" title=\"ISS \u00fcber Dresden\">Dresden<\/a>, <a href=\"\/news\/iss-sichtbarkeit-deutschland#\u00fcberflug-iss-frankfurt\" title=\"ISS \u00fcber Frankfurt am Main\">Frankfurt am Main<\/a>, <a href=\"\/news\/iss-sichtbarkeit-deutschland#\u00fcberflug-iss-hamburg\" title=\"ISS \u00fcber Hamburg\">Hamburg<\/a>, <a href=\"\/news\/iss-sichtbarkeit-deutschland#\u00fcberflug-iss-hannover\" title=\"ISS \u00fcber Hannover\">Hannover<\/a>, <a href=\"\/news\/iss-sichtbarkeit-deutschland#\u00fcberflug-iss-kiel\" title=\"ISS \u00fcber Kiel\">Kiel<\/a>, <a href=\"\/news\/iss-sichtbarkeit-deutschland#\u00fcberflug-iss-k\u00f6ln\" title=\"ISS \u00fcber K\u00f6ln\">K\u00f6ln<\/a>, <a href=\"\/news\/iss-sichtbarkeit-deutschland#\u00fcberflug-iss-leipzig\" title=\"ISS \u00fcber Leipzig\">Leipzig<\/a>, <a href=\"\/news\/iss-sichtbarkeit-deutschland#\u00fcberflug-iss-m\u00fcnchen\" title=\"ISS \u00fcber M\u00fcnchen\">M\u00fcnchen<\/a> und <a href=\"\/news\/iss-sichtbarkeit-deutschland#\u00fcberflug-iss-stuttgart\" title=\"ISS \u00fcber Stuttgart\">Stuttgart<\/a>.<\/p><p>Falls du die ISS von einer anderen Stadt aus beobachten m\u00f6chtest, orientiere dich am besten an den \u00dcberflugdaten der Stadt, die dir am n\u00e4chsten ist, um die ISS am Nachthimmel zu suchen! Die Angaben zur Flugbahn und zur Uhrzeit unterscheiden sich dann meist nur unwesentlich.<\/p>\n\n<a name=\"\u00fcberflug-iss-berlin\"><\/a><br><h3 style=\"margin-top:2px; margin-bottom:5px;\"><b>Live beobachtbare ISS-\u00dcberfl\u00fcge f\u00fcr Berlin<\/b><\/h3>\n<p>Der letzte f\u00fcr Berlin sichtbare ISS-\u00dcberflug war am Mittwoch, dem 31.12.2025, um 05:32 Uhr. Laut NASA-Daten vom 10.06.2025 ist heute von Berlin aus leider kein \u00dcberflug der ISS oder eines ihrer Frachtraumschiffe zu sehen.<\/p>\n\n<a name=\"\u00fcberflug-iss-bremen\"><\/a><br><h3 style=\"margin-top:2px; margin-bottom:5px;\"><b>Live beobachtbare ISS-\u00dcberfl\u00fcge f\u00fcr Bremen<\/b><\/h3>\n<p>Der letzte f\u00fcr Bremen sichtbare ISS-\u00dcberflug war am Mittwoch, dem 31.12.2025, um 07:05 Uhr. Laut NASA-Daten vom 10.06.2025 ist heute von Bremen aus leider kein \u00dcberflug der ISS oder eines ihrer Frachtraumschiffe zu sehen.<\/p>\n\n<a name=\"\u00fcberflug-iss-dresden\"><\/a><br><h3 style=\"margin-top:2px; margin-bottom:5px;\"><b>Live beobachtbare ISS-\u00dcberfl\u00fcge f\u00fcr Dresden (Sachsen)<\/b><\/h3>\n<p>Der letzte f\u00fcr Dresden sichtbare ISS-\u00dcberflug war am Mittwoch, dem 31.12.2025, um 07:06 Uhr. Laut NASA-Daten vom 10.06.2025 ist heute von Dresden aus leider kein \u00dcberflug der ISS oder eines ihrer Frachtraumschiffe zu sehen.<\/p>\n\n<a name=\"\u00fcberflug-iss-frankfurt\"><\/a><br><h3 style=\"margin-top:2px; margin-bottom:5px;\"><b>Live beobachtbare ISS-\u00dcberfl\u00fcge f\u00fcr Frankfurt am Main (Hessen)<\/b><\/h3>\n<p>Der letzte f\u00fcr Frankfurt am Main sichtbare ISS-\u00dcberflug war am Mittwoch, dem 31.12.2025, um 07:05 Uhr. Laut NASA-Daten vom 10.06.2025 ist heute von Frankfurt am Main aus leider kein \u00dcberflug der ISS oder eines ihrer Frachtraumschiffe zu sehen.<\/p>\n\n<a name=\"\u00fcberflug-iss-hamburg\"><\/a><br><h3 style=\"margin-top:2px; margin-bottom:5px;\"><b>Live beobachtbare ISS-\u00dcberfl\u00fcge f\u00fcr Hamburg<\/b><\/h3>\n<p>Der letzte f\u00fcr Hamburg sichtbare ISS-\u00dcberflug war am Mittwoch, dem 31.12.2025, um 07:05 Uhr. Laut NASA-Daten vom 10.06.2025 ist heute von Hamburg aus leider kein \u00dcberflug der ISS oder eines ihrer Frachtraumschiffe zu sehen.<\/p>\n\n<a name=\"\u00fcberflug-iss-hannover\"><\/a><br><h3 style=\"margin-top:2px; margin-bottom:5px;\"><b>Live beobachtbare ISS-\u00dcberfl\u00fcge f\u00fcr Hannover (Niedersachsen)<\/b><\/h3>\n<p>Der letzte f\u00fcr Hannover sichtbare ISS-\u00dcberflug war am Mittwoch, dem 31.12.2025, um 07:05 Uhr. Laut NASA-Daten vom 10.06.2025 ist heute von Hannover aus leider kein \u00dcberflug der ISS oder eines ihrer Frachtraumschiffe zu sehen.<\/p>\n\n<a name=\"\u00fcberflug-iss-kiel\"><\/a><br><h3 style=\"margin-top:2px; margin-bottom:5px;\"><b>Live beobachtbare ISS-\u00dcberfl\u00fcge f\u00fcr Kiel (Schleswig-Holstein)<\/b><\/h3>\n<p>Der letzte f\u00fcr Kiel sichtbare ISS-\u00dcberflug war am Mittwoch, dem 31.12.2025, um 05:32 Uhr. Laut NASA-Daten vom 10.06.2025 ist heute von Kiel aus leider kein \u00dcberflug der ISS oder eines ihrer Frachtraumschiffe zu sehen.<\/p>\n\n<a name=\"\u00fcberflug-iss-k\u00f6ln\"><\/a><br><h3 style=\"margin-top:2px; margin-bottom:5px;\"><b>Live beobachtbare ISS-\u00dcberfl\u00fcge f\u00fcr K\u00f6ln (Nordrhein-Westfalen)<\/b><\/h3>\n<p>Der letzte f\u00fcr K\u00f6ln sichtbare ISS-\u00dcberflug war am Mittwoch, dem 31.12.2025, um 07:05 Uhr. Laut NASA-Daten vom 10.06.2025 ist heute von K\u00f6ln aus leider kein \u00dcberflug der ISS oder eines ihrer Frachtraumschiffe zu sehen.<\/p>\n\n<a name=\"\u00fcberflug-iss-leipzig\"><\/a><br><h3 style=\"margin-top:2px; margin-bottom:5px;\"><b>Live beobachtbare ISS-\u00dcberfl\u00fcge f\u00fcr Leipzig (Sachsen)<\/b><\/h3>\n<p>Der letzte f\u00fcr Leipzig sichtbare ISS-\u00dcberflug war am Mittwoch, dem 31.12.2025, um 07:05 Uhr. Laut NASA-Daten vom 10.06.2025 ist heute von Leipzig aus leider kein \u00dcberflug der ISS oder eines ihrer Frachtraumschiffe zu sehen.<\/p>\n\n<a name=\"\u00fcberflug-iss-m\u00fcnchen\"><\/a><br><h3 style=\"margin-top:2px; margin-bottom:5px;\"><b>Live beobachtbare ISS-\u00dcberfl\u00fcge f\u00fcr M\u00fcnchen (Bayern)<\/b><\/h3>\n<p>Der letzte f\u00fcr M\u00fcnchen sichtbare ISS-\u00dcberflug war am Mittwoch, dem 31.12.2025, um 07:05 Uhr. Laut NASA-Daten vom 10.06.2025 ist heute von M\u00fcnchen aus leider kein \u00dcberflug der ISS oder eines ihrer Frachtraumschiffe zu sehen.<\/p>\n\n<a name=\"\u00fcberflug-iss-stuttgart\"><\/a><br><h3 style=\"margin-top:2px; margin-bottom:5px;\"><b>Live beobachtbare ISS-\u00dcberfl\u00fcge f\u00fcr Stuttgart (Baden-W\u00fcrttemberg)<\/b><\/h3>\n<p>Der letzte f\u00fcr Stuttgart sichtbare ISS-\u00dcberflug war am Mittwoch, dem 31.12.2025, um 07:05 Uhr. Laut NASA-Daten vom 10.06.2025 ist heute von Stuttgart aus leider kein \u00dcberflug der ISS oder eines ihrer Frachtraumschiffe zu sehen.<\/p>\n\n\n<p><a name=\"blick-von-iss-zur-erde\"><\/a>&nbsp;<\/p>\n<h2>Blick von der ISS zur Erde<\/h2>\n<p>An der Raumstation ISS wurden mehrere Kameras installiert, deren Bilder in unterschiedlicher Qualit\u00e4t als Video-Streams \u00fcber das Internet verf\u00fcgbar sind. Auf diese Weise kann man auch von zu Hause aus direkt aus den Fenstern der ISS in Richtung Erde schauen. \ud83d\ude42<\/p>\n<p>Hier sind die wichtigsten Links f\u00fcr euch:<\/p>\n<ol style=\"margin-bottom: 20px; margin-left: 40px; margin-top: 0px; padding-top: 0px;\">\n<li style=\"margin:0px;\"><a href=\"https:\/\/video.ibm.com\/channel\/live-iss-stream\">Live ISS Stream<\/a><\/li>\n<li style=\"margin:0px;\"><a href=\"https:\/\/www.youtube.com\/watch?v=_HGQZlK08gQ\">NASA Live Stream Earth From Space<\/a><\/li>\n<li style=\"margin:0px;\"><a href=\"https:\/\/eol.jsc.nasa.gov\/ESRS\/HDEV\/\">High Definition Earth Viewing System (HDEV)<\/a><\/li>\n<\/ol>\n<p>Der zweite Link ist zu Beginn vielleicht erst einmal der interessanteste Link. Wenn ihr euch dorthin klickt, k\u00f6nnt ihr \u00fcber euren Browser aus der ISS schauen, w\u00e4hrend ihr mit Hilfe eines ISS-Trackers verfolgen k\u00f6nnt, wo die ISS sich gerade \u00fcber der Erde befindet. Ab und zu kommt es vor, dass ihr nur ein einfarbiges Bild sehen k\u00f6nnt. In diesen F\u00e4llen ist die Raumstation ISS entweder auf der Nachtseite der Erde oder die Kommunikation zu den Kameras oder auch zu der ISS selbst ist kurz unterbrochen. Dann solltet ihr einfach ein wenig Geduld haben.<\/p>\n","protected":false},"excerpt":{"rendered":"<p>Das Heusenst\u00e4mmchen bietet dir hier viele Informationen zur Inter&shy;natio&shy;na&shy;len Raumstation (ISS), wie z.B. Hinweise zur Beobachtung der ISS am Nachthimmel, eine Liste der Raumf\u00e4hren zur ISS, aktuelle \u00dcberflugzeiten der ISS \u00fcber Deutschland und Links f\u00fcr einen Blick aus der ISS auf die&#46;&#46;&#46;<\/p>\n","protected":false},"author":4,"featured_media":13498,"parent":0,"menu_order":0,"comment_status":"closed","ping_status":"closed","template":"","meta":{"footnotes":""},"categories":[],"tags":[453,454,295],"class_list":["post-8104","page","type-page","status-publish","has-post-thumbnail","hentry","tag-international-space-station","tag-internationale-raumstation","tag-iss"],"_links":{"self":[{"href":"https:\/\/www.heusenstaemmchen.de\/news\/wp-json\/wp\/v2\/pages\/8104","targetHints":{"allow":["GET"]}}],"collection":[{"href":"https:\/\/www.heusenstaemmchen.de\/news\/wp-json\/wp\/v2\/pages"}],"about":[{"href":"https:\/\/www.heusenstaemmchen.de\/news\/wp-json\/wp\/v2\/types\/page"}],"author":[{"embeddable":true,"href":"https:\/\/www.heusenstaemmchen.de\/news\/wp-json\/wp\/v2\/users\/4"}],"replies":[{"embeddable":true,"href":"https:\/\/www.heusenstaemmchen.de\/news\/wp-json\/wp\/v2\/comments?post=8104"}],"version-history":[{"count":3,"href":"https:\/\/www.heusenstaemmchen.de\/news\/wp-json\/wp\/v2\/pages\/8104\/revisions"}],"predecessor-version":[{"id":13499,"href":"https:\/\/www.heusenstaemmchen.de\/news\/wp-json\/wp\/v2\/pages\/8104\/revisions\/13499"}],"wp:featuredmedia":[{"embeddable":true,"href":"https:\/\/www.heusenstaemmchen.de\/news\/wp-json\/wp\/v2\/media\/13498"}],"wp:attachment":[{"href":"https:\/\/www.heusenstaemmchen.de\/news\/wp-json\/wp\/v2\/media?parent=8104"}],"wp:term":[{"taxonomy":"category","embeddable":true,"href":"https:\/\/www.heusenstaemmchen.de\/news\/wp-json\/wp\/v2\/categories?post=8104"},{"taxonomy":"post_tag","embeddable":true,"href":"https:\/\/www.heusenstaemmchen.de\/news\/wp-json\/wp\/v2\/tags?post=8104"}],"curies":[{"name":"wp","href":"https:\/\/api.w.org\/{rel}","templated":true}]}}