{"id":4,"date":"2011-05-22T13:48:09","date_gmt":"2011-05-22T11:48:09","guid":{"rendered":"http:\/\/www0.heusenstaemmchen.de\/blog\/?page_id=4"},"modified":"2024-10-05T14:15:49","modified_gmt":"2024-10-05T12:15:49","slug":"heusenstaemmchen","status":"publish","type":"page","link":"https:\/\/www.heusenstaemmchen.de\/news\/heusenstaemmchen","title":{"rendered":"\u00dcber diese Website"},"content":{"rendered":"<h2>Fokus und Zielsetzung<\/h2>\n<p>Mit der Website <a href=\"https:\/\/www.heusenstaemmchen.de\/\">heusenstaemmchen.de<\/a> bieten wir unseren Besuchern ein regionales Nachrichtenportal. Dabei konzentrieren wir uns auch auf Nachrichten aus dem Kreis Offenbach, die bei gr\u00f6\u00dferen und \u00fcberregionalen Nachrichtenportalen gern mal durch das Raster fallen.<\/p>\n<p>Regionale News-Feeds und Websites werden von uns meist \u00fcber vorhandene Schnittstellen und in Zusammenarbeit mit den jeweils zust\u00e4ndigen Administratoren angebunden. Auf diese Weise k\u00f6nnen wir viel automatisieren und unseren redaktionellen Aufwand m\u00f6glichst gering halten. Dies ist wichtig, da <a href=\"https:\/\/www.heusenstaemmchen.de\/\">heusenstaemmchen.de<\/a> von uns nur nebenberuflich betrieben wird.<\/p>\n<p>Aus den automatisch ermittelten Nachrichten werden kleine Textausz\u00fcge extrahiert und mit Links zu den urspr\u00fcnglichen Quellen versehen. Besucher, die sich hier f\u00fcr eine Nachricht interessieren, werden so &ndash; \u00e4hnlich wie bei einer Suchmaschine &ndash; schnell zu den originalen Artikeln weitergeleitet.<\/p>\n<p>Da wir unseren Besuchern m\u00f6glichst viele interessante Neuigkeiten aus dem Kreis Offenbach bieten m\u00f6chten, freuen wir uns nat\u00fcrlich auch \u00fcber Pressemitteilungen, die uns per Mail zugeschickt werden und zu unserem Themenfokus passen.<\/p>\n<p>&nbsp;<\/p>\n<h2>Werbung und Anzeigen<\/h2>\n<p>Die zwischen den News-Meldungen aus dem Kreis Offenbach enthaltenen Werbefl\u00e4chen werden auf heusenstaemmchen.de gr\u00f6\u00dftenteils von <a href=\"https:\/\/ads.google.com\/intl\/de_de\/home\/\">Google Ads<\/a> verwaltet und k\u00f6nnen dar\u00fcber gebucht werden. Wir gehen aber auch gern auf direkte Anfragen zur Schaltung regionaler, gewerblicher Anzeigen ein, die per E-Mail an uns gesendet werden.<\/p>\n<p>F\u00fcr den Einstieg in diese Art der regionalen Werbung bieten sich z.B. <a href=\"\/news\/text-anzeigen-auf-news-seiten\">gewerbliche Text-Anzeigen<\/a> an, die mit Fokus auf eine bestimmte Stadt des Kreis Offenbach mit in die jeweiligen St\u00e4dte-Seiten eingebunden werden.<\/p>\n<p>&nbsp;<\/p>\n<h2>Leistungsdaten<\/h2>\n<table>\n<tr>\n<th><\/th>\n<th>Q2 2024<\/th>\n<th>Q3 2024<\/th>\n<\/tr>\n<tr>\n<td>Besucher (Visits)<\/td>\n<td>108238<sup>*<\/sup><\/td>\n<td>126033<sup>*<\/sup><\/td>\n<\/tr>\n<tr>\n<td>Seitenaufrufe (Pages)<\/td>\n<td>303727<sup>*<\/sup><\/td>\n<td>434244<sup>*<\/sup><\/td>\n<\/tr>\n<tr>\n<td>Impressionen bei Google-Suchen<\/td>\n<td>308954<sup>**<\/sup><\/td>\n<td>456069<sup>**<\/sup><\/td>\n<\/tr>\n<tr>\n<td>Klicks als Folge von Google-Suchen<\/td>\n<td>18525<sup>**<\/sup><\/td>\n<td>33669<sup>**<\/sup><\/td>\n<\/tr>\n<\/table>\n<p><sup>*<\/sup> Quelle: Webalizer Version 2.23<br \/>\n<sup>**<\/sup> Quelle: Google Search Console<\/p>\n<p>&nbsp;<\/p>\n<h2>Von Besuchern genutzte Endger\u00e4te<\/h2>\n<table>\n<tr>\n<td>High-End-Mobilger\u00e4te<\/td>\n<td>59,3 %<sup>***<\/sup><\/td>\n<\/tr>\n<tr>\n<td>Computer<\/td>\n<td>38,1 %<sup>***<\/sup><\/td>\n<\/tr>\n<tr>\n<td>Tablets<\/td>\n<td>2,6 %<sup>***<\/sup><\/td>\n<\/tr>\n<tr>\n<td>Sonstige Ger\u00e4te<\/td>\n<td>0,1 %<sup>***<\/sup><\/td>\n<\/tr>\n<\/table>\n<p><sup>***<\/sup> Quelle: Google Adsense (Stand vom 05.10.2024 mit Blick auf die letzten 30 Tage)<\/p>\n<p>&nbsp;<\/p>\n<h2> Unser Maskottchen<\/h2>\n<p><img decoding=\"async\" src=\"\/graphics\/heusenstaemmchen-big.png\" style=\"float:left; margin:10px;\" alt=\"Heusenst\u00e4mmchen\" \/> <\/p>\n<p> Hallo, ich bin das <a href=\"https:\/\/www.heusenstaemmchen.de\/\" title=\"Das Heusenst\u00e4mmchen\">Heusen&shy;st\u00e4mmchen<\/a>. Ich mache bereits seit geraumer Zeit die Stadt Heusenstamm und das Internet unsicher.<\/p>\n<p>Meine Heimatstadt Heusenstamm geh\u00f6rt zum Kreis Offenbach am Main und liegt s\u00fcd\u00f6stlich von Frankfurt am Main. Mit der S-Bahn ist man von Heusenstamm aus schnell in Offenbach, und in die Innenstadt von Frankfurt ben\u00f6tigt man auch nur ca. 30 Minuten. In Heusenstamm haben wir ein sehr h\u00fcbsches Schloss, in dem sich unter anderem die Stadtverwaltung befindet, und viele weitere <a href=\"https:\/\/www.heusenstamm.de\/Portals\/0\/Resources\/1860\/Downloads\/Schaetzewegweiser-web.pdf\" title=\"Heusenstamms Sch\u00e4tzewegweiser\">Sehensw\u00fcrdigkeiten<\/a>, f\u00fcr die sich ein Besuch von Heusenstamm lohnen w\u00fcrde. \ud83d\ude42<\/p>\n<p> Wenn du dich f\u00fcr die Stadt Heusenstamm interessierst und evtl. sogar selbst in Heusenstamm wohnst, w\u00fcrde ich mich \u00fcber deine Besuche und deine Mithilfe bei dieser Website sehr freuen. Falls du z.B. interessante Ideen hast, was hier unbedingt noch mit aufgenommen werden sollte, dann <a href=\"\/news\/impressum\" title=\"Impressum\">melde dich<\/a>!<\/p>\n<p> Viel Spa\u00df! <br \/> Dein Heusenst\u00e4mmchen <\/p>\n","protected":false},"excerpt":{"rendered":"<p>Fokus und Zielsetzung Mit der Website heusenstaemmchen.de bieten wir unseren Besuchern ein regionales Nachrichtenportal. Dabei konzentrieren wir uns auch auf Nachrichten aus dem Kreis Offenbach, die bei gr\u00f6\u00dferen und \u00fcberregionalen Nachrichtenportalen gern mal durch das Raster fallen. Regionale News-Feeds und Websites werden&#46;&#46;&#46;<\/p>\n","protected":false},"author":1,"featured_media":0,"parent":0,"menu_order":1,"comment_status":"closed","ping_status":"closed","template":"","meta":{"footnotes":""},"categories":[],"tags":[],"class_list":["post-4","page","type-page","status-publish","hentry"],"_links":{"self":[{"href":"https:\/\/www.heusenstaemmchen.de\/news\/wp-json\/wp\/v2\/pages\/4","targetHints":{"allow":["GET"]}}],"collection":[{"href":"https:\/\/www.heusenstaemmchen.de\/news\/wp-json\/wp\/v2\/pages"}],"about":[{"href":"https:\/\/www.heusenstaemmchen.de\/news\/wp-json\/wp\/v2\/types\/page"}],"author":[{"embeddable":true,"href":"https:\/\/www.heusenstaemmchen.de\/news\/wp-json\/wp\/v2\/users\/1"}],"replies":[{"embeddable":true,"href":"https:\/\/www.heusenstaemmchen.de\/news\/wp-json\/wp\/v2\/comments?post=4"}],"version-history":[{"count":4,"href":"https:\/\/www.heusenstaemmchen.de\/news\/wp-json\/wp\/v2\/pages\/4\/revisions"}],"predecessor-version":[{"id":6549,"href":"https:\/\/www.heusenstaemmchen.de\/news\/wp-json\/wp\/v2\/pages\/4\/revisions\/6549"}],"wp:attachment":[{"href":"https:\/\/www.heusenstaemmchen.de\/news\/wp-json\/wp\/v2\/media?parent=4"}],"wp:term":[{"taxonomy":"category","embeddable":true,"href":"https:\/\/www.heusenstaemmchen.de\/news\/wp-json\/wp\/v2\/categories?post=4"},{"taxonomy":"post_tag","embeddable":true,"href":"https:\/\/www.heusenstaemmchen.de\/news\/wp-json\/wp\/v2\/tags?post=4"}],"curies":[{"name":"wp","href":"https:\/\/api.w.org\/{rel}","templated":true}]}}